{"id":243,"date":"2022-02-24T08:31:03","date_gmt":"2022-02-24T12:31:03","guid":{"rendered":"https:\/\/tituloix.uprrp.edu\/?page_id=243"},"modified":"2023-03-24T14:31:18","modified_gmt":"2023-03-24T18:31:18","slug":"adiestramientos-titulo-ix","status":"publish","type":"page","link":"https:\/\/tituloix.uprrp.edu\/index.php\/adiestramientos-titulo-ix\/","title":{"rendered":"Adiestramientos T\u00edtulo IX"},"content":{"rendered":"\t\t<div data-elementor-type=\"wp-page\" data-elementor-id=\"243\" class=\"elementor elementor-243\">\n\t\t\t\t\t\t<section class=\"elementor-section elementor-top-section elementor-element elementor-element-3ab32819 elementor-section-boxed elementor-section-height-default elementor-section-height-default\" data-id=\"3ab32819\" data-element_type=\"section\" data-e-type=\"section\">\n\t\t\t\t\t\t<div class=\"elementor-container elementor-column-gap-default\">\n\t\t\t\t\t<div class=\"elementor-column elementor-col-100 elementor-top-column elementor-element elementor-element-65c8cc47\" data-id=\"65c8cc47\" data-element_type=\"column\" data-e-type=\"column\">\n\t\t\t<div class=\"elementor-widget-wrap elementor-element-populated\">\n\t\t\t\t\t\t<div class=\"elementor-element elementor-element-3b391a54 elementor-widget elementor-widget-text-editor\" data-id=\"3b391a54\" data-element_type=\"widget\" data-e-type=\"widget\" data-widget_type=\"text-editor.default\">\n\t\t\t\t<div class=\"elementor-widget-container\">\n\t\t\t\t\t\t\t\t\t<p><strong>Adiestramientos<\/strong><\/p><ul><li>Constructing The Live Hearing process (<a href=\"https:\/\/www.uprrp.edu\/wp-content\/uploads\/2021\/05\/Constucting-Live-Hearing-Material-Book.pdf\" target=\"_blank\" rel=\"noopener\">Presentaci\u00f3n, <\/a>\u00a0<a href=\"https:\/\/tituloix.uprrp.edu\/wp-content\/uploads\/2021\/05\/Certificado-Sonia-Ortiz.pdf\" target=\"_blank\" rel=\"noopener\">Certificado<\/a>)<\/li><li>Title IX Investigations: How To Write A Report That Complies With The New Federal Regulation (<a href=\"https:\/\/tituloix.uprrp.edu\/wp-content\/uploads\/2021\/05\/PresentacionTitle-IX-Investigations-How-To-Write-A-Report-That-Complies-With-The-New-Federal-Regulation.pdf\" target=\"_blank\" rel=\"noopener\">Presentaci\u00f3n<\/a>\u00a0y\u00a0<a href=\"https:\/\/tituloix.uprrp.edu\/wp-content\/uploads\/2021\/05\/Certificado-Edith-Gonzalez.pdf\" target=\"_blank\" rel=\"noopener\">Certificado<\/a>)<b><br \/><\/b><\/li><li>Certificaci\u00f3n Profesional: Prevenci\u00f3n del Hostigamiento Sexual, Violencia Dom\u00e9stica, Discrimen y Equidad en el Empleo (<a href=\"https:\/\/tituloix.uprrp.edu\/wp-content\/uploads\/2022\/01\/Certificacion_Profesional_sobre_Prevencion_del_Hostigamiento_Sexual_-Orializ-Ocasio.pdf\">Certificado 1<\/a>,\u00a0<a href=\"https:\/\/tituloix.uprrp.edu\/wp-content\/uploads\/2022\/01\/Certificacion-Sonia-Ortiz_compressed-1.pdf\">Certificado 2<\/a>)<\/li><li>Curso: Ley que proh\u00edbe el Discrimen por Orientaci\u00f3n Sexual e Identidad de G\u00e9nero en el empleo (<a href=\"https:\/\/tituloix.uprrp.edu\/wp-content\/uploads\/2022\/01\/Certificado-de-curso-Ley-que-prohibe-el-Discrimen-por-Orientacion-Sexual-e-Identidad-de-Genero-en-el-Empleo_compressed.pdf\">Certificado 1<\/a>,\u00a0<a href=\"https:\/\/tituloix.uprrp.edu\/wp-content\/uploads\/2022\/01\/Certificado-Sonia-Ortiz-Robles-Curso-Ley-Prohibe-el-Discrimen-por-Orientacion-Sexual-o-Genero_compressed-1.pdf\">Certificado 2<\/a>)<\/li><li>Di\u00e1logo, negociaci\u00f3n y mediaci\u00f3n como m\u00e9todos alternos para la soluci\u00f3n de conflictos (<a href=\"https:\/\/tituloix.uprrp.edu\/wp-content\/uploads\/2022\/02\/Mediacion-y-dialogo-CEA-cpv.pdf\">Presentaci\u00f3n<\/a>)<\/li><li>Title IX Coordinator Certification Higher Education. Session 1: <em>Title IX Roles and\u00a0<\/em><i>Responsibilities<\/i>\u00a0(<a href=\"https:\/\/tituloix.uprrp.edu\/wp-content\/uploads\/2022\/02\/s1titleixcoordinatorcertificationhighered1625681853129.pdf\">Presentaci\u00f3n<\/a>)<\/li><li>Title IX Coordinator Certification Higher Education. Session 2: <em>Developing Policies and Conducting Investigations<\/em> (<a href=\"https:\/\/tituloix.uprrp.edu\/wp-content\/uploads\/2022\/02\/Session-2-23-feb-22-slides2titleixcoordinatorcertificationhighered1645633307013.pdf\">Presentaci\u00f3n<\/a>)<\/li><li>Title IX Coordinator Certification Higher Education. Session 3: <em>Specific Topics for Title IX Coordinators<\/em> (<a href=\"https:\/\/tituloix.uprrp.edu\/wp-content\/uploads\/2022\/03\/notess3titleixcoordinatorcertificationhighered1645634431502.pdf\">Presentaci\u00f3n<\/a>)<\/li><li>Title IX Coordinator Certification Higher Education. Session 4: <em>Case Studies and Compliance Audits<\/em> (<a href=\"https:\/\/tituloix.uprrp.edu\/wp-content\/uploads\/2022\/03\/slidess4titleixcoordinatorcertificationhighered1645635595131.pdf\">Presentaci\u00f3n<\/a>)<\/li><li>Higher Education Title IX Coordinator Professional Certification: <em>Certified Title IX Coordinator (<\/em><a href=\"https:\/\/tituloix.uprrp.edu\/wp-content\/uploads\/2023\/03\/Abiezer-Santiago-Title_IX_Coordinator_Certification__Higher_Ed__Badge.pdf\">Certificado)<\/a><\/li><\/ul><p><strong>Training Videos<\/strong><\/p><ul><li><a href=\"https:\/\/www.youtube.com\/watch?v=TdfT5R8ibm4\">OCR Webinar.<\/a>U.S. Departament of Education. <a href=\"https:\/\/www.youtube.com\/watch?v=TdfT5R8ibm4\">Title IX Regulations Addressing Sexual Harassmen<\/a>t-All Coordinators, Investigators and Hearing Panelists<\/li><li><a href=\"https:\/\/www.youtube.com\/watch?v=Ogn0q7RF0X8&amp;list=PLYrJQ3qn6Pn15VmKJDQ0lCDJeNLXhL4bm&amp;index=2&amp;t=0s\" target=\"_blank\" rel=\"noopener noreferrer\">Module 1 \u2013 An Introduction to Managing Title IX Sexual Harassment<\/a>\u00a0\u2013 All Coordinators, Investigators and Hearing Panelists\u00a0\u00a0<a href=\"https:\/\/warner.edu\/wp-content\/uploads\/2020\/08\/2020-7-session-1-fundamentals.pdf\" target=\"_blank\" rel=\"noopener noreferrer\">PDF Slide Link<\/a><\/li><li><a href=\"https:\/\/www.youtube.com\/watch?v=SxwdsrZ7cO8&amp;list=PLYrJQ3qn6Pn15VmKJDQ0lCDJeNLXhL4bm&amp;index=2\" target=\"_blank\" rel=\"noopener noreferrer\">Module 2 \u2013 Formal Complaints of Title IX Sexual Harassment<\/a>\u00a0\u2013 All Coordinators, Investigators and Hearing Panelists\u00a0<a href=\"https:\/\/warner.edu\/wp-content\/uploads\/2020\/08\/2020-7-session-2-complaints.pdf\" target=\"_blank\" rel=\"noopener noreferrer\">PDF Slide Link<\/a><\/li><li><a href=\"https:\/\/www.youtube.com\/watch?v=plMwthkVrYg&amp;list=PLYrJQ3qn6Pn15VmKJDQ0lCDJeNLXhL4bm&amp;index=3\" target=\"_blank\" rel=\"noopener noreferrer\">Module 3 \u2013 Title IX Investigations &amp; Informal Resolutions<\/a>\u00a0\u2013 All Investigators\u00a0<a href=\"https:\/\/warner.edu\/wp-content\/uploads\/2020\/08\/2020-7-session-3-investigations.pdf\" target=\"_blank\" rel=\"noopener noreferrer\">PDF Slide Link<\/a><\/li><li><a href=\"https:\/\/www.youtube.com\/watch?v=sokqSgHqDE8&amp;list=PLYrJQ3qn6Pn15VmKJDQ0lCDJeNLXhL4bm&amp;index=4\" target=\"_blank\" rel=\"noopener noreferrer\">Module 4 \u2013 Title IX Hearings<\/a>\u00a0\u2013 All Hearing Panelists\u00a0<a href=\"https:\/\/warner.edu\/wp-content\/uploads\/2020\/08\/2020-7-session-4-hearings.pdf\" target=\"_blank\" rel=\"noopener noreferrer\">PDF Slide Link<\/a><\/li><li><a href=\"https:\/\/www.youtube.com\/watch?v=stExufFdCRs&amp;list=PLYrJQ3qn6Pn15VmKJDQ0lCDJeNLXhL4bm&amp;index=5\" target=\"_blank\" rel=\"noopener noreferrer\">Module 5 \u2013 Title IX Determinations<\/a>\u00a0\u2013 All Hearing Panelists\u00a0<a href=\"https:\/\/warner.edu\/wp-content\/uploads\/2020\/08\/2020-7-session-5-determinations.pdf\" target=\"_blank\" rel=\"noopener noreferrer\">PDF Slide Link<\/a><\/li><li><a href=\"https:\/\/www.youtube.com\/watch?v=9pEI2ou9GeQ&amp;list=PLYrJQ3qn6Pn15VmKJDQ0lCDJeNLXhL4bm&amp;index=6\" target=\"_blank\" rel=\"noopener noreferrer\">Module 6 \u2013 Title IX Appeals<\/a>\u00a0\u2013 All Coordinators, Investigators and Hearing Panelists\u00a0<a href=\"https:\/\/warner.edu\/wp-content\/uploads\/2020\/08\/2020-7-session-6-appeals.pdf\" target=\"_blank\" rel=\"noopener noreferrer\">PDF Slide Link<\/a><\/li><\/ul>\t\t\t\t\t\t\t\t<\/div>\n\t\t\t\t<\/div>\n\t\t\t\t\t<\/div>\n\t\t<\/div>\n\t\t\t\t\t<\/div>\n\t\t<\/section>\n\t\t\t\t<\/div>\n\t\t","protected":false},"excerpt":{"rendered":"<p>Adiestramientos Constructing The Live Hearing process (Presentaci\u00f3n, \u00a0Certificado) Title IX Investigations: How To Write A Report That Complies With The New Federal Regulation (Presentaci\u00f3n\u00a0y\u00a0Certificado) Certificaci\u00f3n Profesional: Prevenci\u00f3n del Hostigamiento Sexual, Violencia Dom\u00e9stica, Discrimen y Equidad en el Empleo (Certificado 1,\u00a0Certificado &hellip; <\/p>\n","protected":false},"author":5,"featured_media":0,"parent":0,"menu_order":0,"comment_status":"closed","ping_status":"closed","template":"","meta":{"footnotes":""},"class_list":["post-243","page","type-page","status-publish","hentry"],"_links":{"self":[{"href":"https:\/\/tituloix.uprrp.edu\/index.php\/wp-json\/wp\/v2\/pages\/243","targetHints":{"allow":["GET"]}}],"collection":[{"href":"https:\/\/tituloix.uprrp.edu\/index.php\/wp-json\/wp\/v2\/pages"}],"about":[{"href":"https:\/\/tituloix.uprrp.edu\/index.php\/wp-json\/wp\/v2\/types\/page"}],"author":[{"embeddable":true,"href":"https:\/\/tituloix.uprrp.edu\/index.php\/wp-json\/wp\/v2\/users\/5"}],"replies":[{"embeddable":true,"href":"https:\/\/tituloix.uprrp.edu\/index.php\/wp-json\/wp\/v2\/comments?post=243"}],"version-history":[{"count":25,"href":"https:\/\/tituloix.uprrp.edu\/index.php\/wp-json\/wp\/v2\/pages\/243\/revisions"}],"predecessor-version":[{"id":504,"href":"https:\/\/tituloix.uprrp.edu\/index.php\/wp-json\/wp\/v2\/pages\/243\/revisions\/504"}],"wp:attachment":[{"href":"https:\/\/tituloix.uprrp.edu\/index.php\/wp-json\/wp\/v2\/media?parent=243"}],"curies":[{"name":"wp","href":"https:\/\/api.w.org\/{rel}","templated":true}]}}