{"id":23,"date":"2015-11-02T15:19:12","date_gmt":"2015-11-02T19:19:12","guid":{"rendered":"http:\/\/tituloix.dv.rrp.campus\/wp\/?page_id=23"},"modified":"2023-11-10T10:13:50","modified_gmt":"2023-11-10T14:13:50","slug":"inicio","status":"publish","type":"page","link":"https:\/\/tituloix.uprrp.edu\/","title":{"rendered":"Inicio"},"content":{"rendered":"\t\t<div data-elementor-type=\"wp-page\" data-elementor-id=\"23\" class=\"elementor elementor-23\">\n\t\t\t\t\t\t<section class=\"elementor-section elementor-top-section elementor-element elementor-element-bdc45c0 elementor-section-boxed elementor-section-height-default elementor-section-height-default\" data-id=\"bdc45c0\" data-element_type=\"section\" data-e-type=\"section\">\n\t\t\t\t\t\t<div class=\"elementor-container elementor-column-gap-default\">\n\t\t\t\t\t<div class=\"elementor-column elementor-col-100 elementor-top-column elementor-element elementor-element-022ec24\" data-id=\"022ec24\" data-element_type=\"column\" data-e-type=\"column\">\n\t\t\t<div class=\"elementor-widget-wrap elementor-element-populated\">\n\t\t\t\t\t\t<div class=\"elementor-element elementor-element-428c54c elementor-widget elementor-widget-slider_revolution\" data-id=\"428c54c\" data-element_type=\"widget\" data-e-type=\"widget\" data-widget_type=\"slider_revolution.default\">\n\t\t\t\t<div class=\"elementor-widget-container\">\n\t\t\t\t\t\r\n\t\t<div class=\"wp-block-themepunch-revslider\">\n\t\t\t<!-- START inicio REVOLUTION SLIDER 6.5.25 --><p class=\"rs-p-wp-fix\"><\/p>\n\t\t\t<rs-module-wrap id=\"rev_slider_1_1_wrapper\" data-source=\"gallery\" data-aimg=\"\"  style=\"visibility:hidden;background:#E9E9E9;padding:0;margin:0px auto;margin-top:0;margin-bottom:0;\">\n\t\t\t\t<rs-module id=\"rev_slider_1_1\" style=\"\" data-version=\"6.5.25\">\n\t\t\t\t\t<rs-slides>\n\t\t\t\t\t\t<rs-slide style=\"position: absolute;\" data-key=\"rs-1\" data-title=\"Slide\" data-in=\"o:0;\" data-out=\"a:false;\">\n\t\t\t\t\t\t\t<img fetchpriority=\"high\" decoding=\"async\" src=\"\/\/tituloix.uprrp.edu\/wp-content\/plugins\/revslider\/public\/assets\/assets\/dummy.png\" alt=\"\" title=\"torre-uprrp\" width=\"1981\" height=\"1320\" class=\"rev-slidebg tp-rs-img rs-lazyload\" data-lazyload=\"\/\/tituloix.uprrp.edu\/wp-content\/uploads\/2021\/09\/torre-uprrp.jpg\" data-no-retina>\n<!--\n\t\t\t\t\t\t\t--><rs-layer\n\t\t\t\t\t\t\t\tid=\"slider-1-slide-1-layer-0\" \n\t\t\t\t\t\t\t\tdata-type=\"shape\"\n\t\t\t\t\t\t\t\tdata-rsp_ch=\"on\"\n\t\t\t\t\t\t\t\tdata-xy=\"xo:-864px,-864px,-864px,-323px;yo:-95px,-95px,-95px,-35px;\"\n\t\t\t\t\t\t\t\tdata-text=\"w:normal;s:20,20,20,7;l:0,0,0,9;\"\n\t\t\t\t\t\t\t\tdata-dim=\"w:3351px,3351px,3351px,1256px;h:180px,180px,180px,67px;\"\n\t\t\t\t\t\t\t\tdata-frame_999=\"o:0;st:w;\"\n\t\t\t\t\t\t\t\tstyle=\"z-index:5;background-color:rgba(0,0,0,0.5);\"\n\t\t\t\t\t\t\t> \n\t\t\t\t\t\t\t<\/rs-layer><!--\n-->\t\t\t\t\t\t<\/rs-slide>\n\t\t\t\t\t\t<rs-slide style=\"position: absolute;\" data-key=\"rs-11\" data-title=\"Slide\" data-in=\"o:0;\" data-out=\"a:false;\">\n\t\t\t\t\t\t\t<img fetchpriority=\"high\" decoding=\"async\" src=\"\/\/tituloix.uprrp.edu\/wp-content\/plugins\/revslider\/public\/assets\/assets\/dummy.png\" alt=\"\" title=\"torre-uprrp\" width=\"1981\" height=\"1320\" class=\"rev-slidebg tp-rs-img rs-lazyload\" data-lazyload=\"\/\/tituloix.uprrp.edu\/wp-content\/uploads\/2021\/09\/torre-uprrp.jpg\" data-no-retina>\n<!--\n\t\t\t\t\t\t\t--><rs-layer\n\t\t\t\t\t\t\t\tid=\"slider-1-slide-11-layer-0\" \n\t\t\t\t\t\t\t\tdata-type=\"shape\"\n\t\t\t\t\t\t\t\tdata-rsp_ch=\"on\"\n\t\t\t\t\t\t\t\tdata-xy=\"xo:-864px,-864px,-864px,-323px;yo:-95px,-95px,-95px,-35px;\"\n\t\t\t\t\t\t\t\tdata-text=\"w:normal;s:20,20,20,7;l:0,0,0,9;\"\n\t\t\t\t\t\t\t\tdata-dim=\"w:3351px,3351px,3351px,1256px;h:180px,180px,180px,67px;\"\n\t\t\t\t\t\t\t\tdata-frame_999=\"o:0;st:w;\"\n\t\t\t\t\t\t\t\tstyle=\"z-index:5;background-color:rgba(0,0,0,0.5);\"\n\t\t\t\t\t\t\t> \n\t\t\t\t\t\t\t<\/rs-layer><!--\n-->\t\t\t\t\t\t<\/rs-slide>\n\t\t\t\t\t<\/rs-slides>\n\t\t\t\t<\/rs-module>\n\t\t\t\t<script>\n\t\t\t\t\tsetREVStartSize({c: 'rev_slider_1_1',rl:[1240,1240,1240,480],el:[700,700,700,720],gw:[1280,1280,1280,480],gh:[700,700,700,720],type:'standard',justify:'',layout:'fullwidth',mh:\"400\"});if (window.RS_MODULES!==undefined && window.RS_MODULES.modules!==undefined && window.RS_MODULES.modules[\"revslider11\"]!==undefined) {window.RS_MODULES.modules[\"revslider11\"].once = false;window.revapi1 = undefined;if (window.RS_MODULES.checkMinimal!==undefined) window.RS_MODULES.checkMinimal()}\n\t\t\t\t<\/script>\n\t\t\t<\/rs-module-wrap>\n\t\t\t<!-- END REVOLUTION SLIDER -->\n<\/div>\r\n\r\n\t\t\t\t\t\t<\/div>\n\t\t\t\t<\/div>\n\t\t\t\t\t<\/div>\n\t\t<\/div>\n\t\t\t\t\t<\/div>\n\t\t<\/section>\n\t\t\t\t<section class=\"elementor-section elementor-top-section elementor-element elementor-element-c09b68a elementor-section-boxed elementor-section-height-default elementor-section-height-default\" data-id=\"c09b68a\" data-element_type=\"section\" data-e-type=\"section\">\n\t\t\t\t\t\t<div class=\"elementor-container elementor-column-gap-default\">\n\t\t\t\t\t<div class=\"elementor-column elementor-col-66 elementor-top-column elementor-element elementor-element-94cba23\" data-id=\"94cba23\" data-element_type=\"column\" data-e-type=\"column\">\n\t\t\t<div class=\"elementor-widget-wrap elementor-element-populated\">\n\t\t\t\t\t\t<div class=\"elementor-element elementor-element-e428c91 elementor-widget elementor-widget-text-editor\" data-id=\"e428c91\" data-element_type=\"widget\" data-e-type=\"widget\" data-widget_type=\"text-editor.default\">\n\t\t\t\t<div class=\"elementor-widget-container\">\n\t\t\t\t\t\t\t\t\t<p>Estudiantes, Facultad y Personal del Recinto de R\u00edo Piedras de la Universidad de Puerto Rico que tengan interrogantes con respecto a las disposiciones de T\u00edtulo IX en los programas y actividades de la Universidad pueden comunicarse con la Dra. Joselyn Rivera Rom\u00e1n, Oficial de Cumplimiento, en la Oficina de Cumplimiento y Auditor\u00edas (OCA) al 787-764-0000, exts. 83275\/83278 en horario de lunes a viernes de 8:00am 4:30pm o enviar su mensaje a la siguiente direcci\u00f3n de correo electr\u00f3nico a <span style=\"text-decoration: underline;\"><strong>titulo9.rp@upr.edu<\/strong><\/span>.\u00a0<\/p><p>Nuestra oficina se encuentra en Plaza Universitaria, Torre Norte, 3er Piso (al lado derecho de la Oficina de Asesor\u00eda Jur\u00eddica) y la direcci\u00f3n postal es:<\/p><p>UPR-Recinto de R\u00edo Piedras,<br \/>6 Ave. Universidad, Ste. 601<br \/>San Juan, PR 00925-2526<\/p><p>Te esperamos.<\/p>\t\t\t\t\t\t\t\t<\/div>\n\t\t\t\t<\/div>\n\t\t\t\t<div class=\"elementor-element elementor-element-7f60de0 elementor-widget elementor-widget-image\" data-id=\"7f60de0\" data-element_type=\"widget\" data-e-type=\"widget\" data-widget_type=\"image.default\">\n\t\t\t\t<div class=\"elementor-widget-container\">\n\t\t\t\t\t\t\t\t\t\t\t\t\t\t\t<img decoding=\"async\" width=\"1425\" height=\"1080\" src=\"https:\/\/tituloix.uprrp.edu\/wp-content\/uploads\/2023\/09\/Proceso-para-presentar-una-queja-por-discrimen-por-sexo.png\" class=\"attachment-full size-full wp-image-670\" alt=\"\" srcset=\"https:\/\/tituloix.uprrp.edu\/wp-content\/uploads\/2023\/09\/Proceso-para-presentar-una-queja-por-discrimen-por-sexo.png 1425w, https:\/\/tituloix.uprrp.edu\/wp-content\/uploads\/2023\/09\/Proceso-para-presentar-una-queja-por-discrimen-por-sexo-300x227.png 300w, https:\/\/tituloix.uprrp.edu\/wp-content\/uploads\/2023\/09\/Proceso-para-presentar-una-queja-por-discrimen-por-sexo-1024x776.png 1024w, https:\/\/tituloix.uprrp.edu\/wp-content\/uploads\/2023\/09\/Proceso-para-presentar-una-queja-por-discrimen-por-sexo-768x582.png 768w\" sizes=\"(max-width: 1425px) 100vw, 1425px\" \/>\t\t\t\t\t\t\t\t\t\t\t\t\t\t\t<\/div>\n\t\t\t\t<\/div>\n\t\t\t\t\t<\/div>\n\t\t<\/div>\n\t\t\t\t<div class=\"elementor-column elementor-col-33 elementor-top-column elementor-element elementor-element-4542d0a\" data-id=\"4542d0a\" data-element_type=\"column\" data-e-type=\"column\">\n\t\t\t<div class=\"elementor-widget-wrap elementor-element-populated\">\n\t\t\t\t\t\t<div class=\"elementor-element elementor-element-dc07eb6 elementor-widget elementor-widget-text-editor\" data-id=\"dc07eb6\" data-element_type=\"widget\" data-e-type=\"widget\" data-widget_type=\"text-editor.default\">\n\t\t\t\t<div class=\"elementor-widget-container\">\n\t\t\t\t\t\t\t\t\t<h6>Para informaci\u00f3n actualizada sobre temas relacionados a T\u00edtulo IX, eventos y actividades de prevenci\u00f3n, sigue nuestras p\u00e1ginas de Instagram y Facebook: Coordinadora de T\u00edtulo IX UPRRP (<span style=\"text-transform: var(--thim-font-h6-text-transform); color: #65676b; font-family: 'Segoe UI Historic', 'Segoe UI', Helvetica, Arial, sans-serif; font-size: 17px; font-weight: var( --e-global-typography-text-font-weight );\"><a href=\"https:\/\/www.facebook.com\/tituloixuprrp\/?locale=es_LA\">@tituloixuprrp<\/a>)<\/span><\/h6><p><span style=\"font-family: 'Segoe UI Historic', 'Segoe UI', Helvetica, Arial, sans-serif; color: #65676b; font-size: 17px;\"><span style=\"height: 1px; overflow: hidden; position: absolute; clip: rect(0px, 0px, 0px, 0px); width: 1px; font-family: inherit;\">\u00a0<\/span><\/span><\/p>\t\t\t\t\t\t\t\t<\/div>\n\t\t\t\t<\/div>\n\t\t\t\t<div class=\"elementor-element elementor-element-142b4e7 elementor-arrows-position-inside elementor-pagination-position-outside elementor-widget elementor-widget-image-carousel\" data-id=\"142b4e7\" data-element_type=\"widget\" data-e-type=\"widget\" data-settings=\"{&quot;slides_to_show&quot;:&quot;1&quot;,&quot;navigation&quot;:&quot;both&quot;,&quot;autoplay&quot;:&quot;yes&quot;,&quot;pause_on_hover&quot;:&quot;yes&quot;,&quot;pause_on_interaction&quot;:&quot;yes&quot;,&quot;autoplay_speed&quot;:5000,&quot;infinite&quot;:&quot;yes&quot;,&quot;effect&quot;:&quot;slide&quot;,&quot;speed&quot;:500}\" data-widget_type=\"image-carousel.default\">\n\t\t\t\t<div class=\"elementor-widget-container\">\n\t\t\t\t\t\t\t<div class=\"elementor-image-carousel-wrapper swiper\" role=\"region\" aria-roledescription=\"carousel\" aria-label=\"Image Carousel\" dir=\"ltr\">\n\t\t\t<div class=\"elementor-image-carousel swiper-wrapper\" aria-live=\"off\">\n\t\t\t\t\t\t\t\t<div class=\"swiper-slide\" role=\"group\" aria-roledescription=\"slide\" aria-label=\"1 of 6\"><figure class=\"swiper-slide-inner\"><img decoding=\"async\" class=\"swiper-slide-image\" src=\"https:\/\/tituloix.uprrp.edu\/wp-content\/uploads\/2023\/09\/1.png\" alt=\"1\" \/><\/figure><\/div><div class=\"swiper-slide\" role=\"group\" aria-roledescription=\"slide\" aria-label=\"2 of 6\"><figure class=\"swiper-slide-inner\"><img decoding=\"async\" class=\"swiper-slide-image\" src=\"https:\/\/tituloix.uprrp.edu\/wp-content\/uploads\/2023\/09\/2.png\" alt=\"2\" \/><\/figure><\/div><div class=\"swiper-slide\" role=\"group\" aria-roledescription=\"slide\" aria-label=\"3 of 6\"><figure class=\"swiper-slide-inner\"><img decoding=\"async\" class=\"swiper-slide-image\" src=\"https:\/\/tituloix.uprrp.edu\/wp-content\/uploads\/2023\/09\/3.png\" alt=\"3\" \/><\/figure><\/div><div class=\"swiper-slide\" role=\"group\" aria-roledescription=\"slide\" aria-label=\"4 of 6\"><figure class=\"swiper-slide-inner\"><img decoding=\"async\" class=\"swiper-slide-image\" src=\"https:\/\/tituloix.uprrp.edu\/wp-content\/uploads\/2023\/09\/4.png\" alt=\"4\" \/><\/figure><\/div><div class=\"swiper-slide\" role=\"group\" aria-roledescription=\"slide\" aria-label=\"5 of 6\"><figure class=\"swiper-slide-inner\"><img decoding=\"async\" class=\"swiper-slide-image\" src=\"https:\/\/tituloix.uprrp.edu\/wp-content\/uploads\/2023\/09\/5.png\" alt=\"5\" \/><\/figure><\/div><div class=\"swiper-slide\" role=\"group\" aria-roledescription=\"slide\" aria-label=\"6 of 6\"><figure class=\"swiper-slide-inner\"><img decoding=\"async\" class=\"swiper-slide-image\" src=\"https:\/\/tituloix.uprrp.edu\/wp-content\/uploads\/2023\/11\/6.png\" alt=\"6\" \/><\/figure><\/div>\t\t\t<\/div>\n\t\t\t\t\t\t\t\t\t\t\t\t<div class=\"elementor-swiper-button elementor-swiper-button-prev\" role=\"button\" tabindex=\"0\">\n\t\t\t\t\t\t<i aria-hidden=\"true\" class=\"eicon-chevron-left\"><\/i>\t\t\t\t\t<\/div>\n\t\t\t\t\t<div class=\"elementor-swiper-button elementor-swiper-button-next\" role=\"button\" tabindex=\"0\">\n\t\t\t\t\t\t<i aria-hidden=\"true\" class=\"eicon-chevron-right\"><\/i>\t\t\t\t\t<\/div>\n\t\t\t\t\n\t\t\t\t\t\t\t\t\t<div class=\"swiper-pagination\"><\/div>\n\t\t\t\t\t\t\t\t\t<\/div>\n\t\t\t\t\t\t<\/div>\n\t\t\t\t<\/div>\n\t\t\t\t\t<\/div>\n\t\t<\/div>\n\t\t\t\t\t<\/div>\n\t\t<\/section>\n\t\t\t\t<\/div>\n\t\t","protected":false},"excerpt":{"rendered":"<p>Estudiantes, Facultad y Personal del Recinto de R\u00edo Piedras de la Universidad de Puerto Rico que tengan interrogantes con respecto a las disposiciones de T\u00edtulo IX en los programas y actividades de la Universidad pueden comunicarse con la Dra. Joselyn &hellip; <\/p>\n","protected":false},"author":1,"featured_media":34,"parent":0,"menu_order":0,"comment_status":"closed","ping_status":"closed","template":"page-templates\/homepage.php","meta":{"footnotes":""},"class_list":["post-23","page","type-page","status-publish","has-post-thumbnail","hentry"],"_links":{"self":[{"href":"https:\/\/tituloix.uprrp.edu\/index.php\/wp-json\/wp\/v2\/pages\/23","targetHints":{"allow":["GET"]}}],"collection":[{"href":"https:\/\/tituloix.uprrp.edu\/index.php\/wp-json\/wp\/v2\/pages"}],"about":[{"href":"https:\/\/tituloix.uprrp.edu\/index.php\/wp-json\/wp\/v2\/types\/page"}],"author":[{"embeddable":true,"href":"https:\/\/tituloix.uprrp.edu\/index.php\/wp-json\/wp\/v2\/users\/1"}],"replies":[{"embeddable":true,"href":"https:\/\/tituloix.uprrp.edu\/index.php\/wp-json\/wp\/v2\/comments?post=23"}],"version-history":[{"count":176,"href":"https:\/\/tituloix.uprrp.edu\/index.php\/wp-json\/wp\/v2\/pages\/23\/revisions"}],"predecessor-version":[{"id":694,"href":"https:\/\/tituloix.uprrp.edu\/index.php\/wp-json\/wp\/v2\/pages\/23\/revisions\/694"}],"wp:featuredmedia":[{"embeddable":true,"href":"https:\/\/tituloix.uprrp.edu\/index.php\/wp-json\/wp\/v2\/media\/34"}],"wp:attachment":[{"href":"https:\/\/tituloix.uprrp.edu\/index.php\/wp-json\/wp\/v2\/media?parent=23"}],"curies":[{"name":"wp","href":"https:\/\/api.w.org\/{rel}","templated":true}]}}