{"id":10,"date":"2015-11-02T15:13:18","date_gmt":"2015-11-02T19:13:18","guid":{"rendered":"http:\/\/tituloix.dv.rrp.campus\/wp\/?page_id=10"},"modified":"2023-10-03T09:02:49","modified_gmt":"2023-10-03T13:02:49","slug":"servicios","status":"publish","type":"page","link":"https:\/\/tituloix.uprrp.edu\/index.php\/servicios\/","title":{"rendered":"Servicios"},"content":{"rendered":"\t\t<div data-elementor-type=\"wp-page\" data-elementor-id=\"10\" class=\"elementor elementor-10\">\n\t\t\t\t\t\t<section class=\"elementor-section elementor-top-section elementor-element elementor-element-449373f5 elementor-section-boxed elementor-section-height-default elementor-section-height-default\" data-id=\"449373f5\" data-element_type=\"section\" data-e-type=\"section\">\n\t\t\t\t\t\t<div class=\"elementor-container elementor-column-gap-default\">\n\t\t\t\t\t<div class=\"elementor-column elementor-col-100 elementor-top-column elementor-element elementor-element-794c79de\" data-id=\"794c79de\" data-element_type=\"column\" data-e-type=\"column\">\n\t\t\t<div class=\"elementor-widget-wrap elementor-element-populated\">\n\t\t\t\t\t\t<div class=\"elementor-element elementor-element-5fb9f5de elementor-widget elementor-widget-text-editor\" data-id=\"5fb9f5de\" data-element_type=\"widget\" data-e-type=\"widget\" data-widget_type=\"text-editor.default\">\n\t\t\t\t<div class=\"elementor-widget-container\">\n\t\t\t\t\t\t\t\t\t<p>El Recinto de R\u00edo Piedras de la Universidad de Puerto Rico, la Coordinadora de T\u00edtulo IX, trabajando junto a el Departamento de Seguridad y Manejo de Riesgo, el Procurador Estudiantil, el Departamento de Consejer\u00eda para el Desarrollo Estudiantil, la Oficina de Asesoramiento Jur\u00eddico y el Programa de Ayuda al Empleado, entre otros, est\u00e1n comprometidos con la prevenci\u00f3n, la seguridad y el bienestar de la comunidad universitaria ante situaciones de violencia sexual, violencia en el noviazgo, acoso, hostigamiento sexual y el discrimen por raz\u00f3n de sexo. El Recinto de R\u00edo Piedras, proh\u00edbe toda conducta de esta naturaleza en todas sus manifestaciones, por lo que se tomar\u00e1n las medidas y acciones necesarias para prevenirla, en cumplimiento con las disposiciones del T\u00edtulo IX, de la ley y de los reglamentos aplicables.<\/p><p>La violencia sexual se refiere a cualquier acto sexual perpetrado en contra de la voluntad de una persona o cuando la persona es incapaz o est\u00e1 incapacitada para dar su consentimiento. Las razones por la cual una persona puede estar incapacitada para dar su consentimiento pueden ser: si la persona es menor de edad, por el uso de drogas o alcohol o por alguna incapacidad mental o de otro tipo. Dentro de los actos de violencia sexual existen: la violaci\u00f3n, el abuso sexual y la coerci\u00f3n sexual. La violencia sexual pudiera surgir por parte de empleados, estudiantes, profesores y terceras personas. Si eres v\u00edctima de violencia sexual, acecho o discrimen por sexo, tienes derechos y existen recursos de apoyo a tu disposici\u00f3n en la Universidad.<\/p><p>En la Oficina de la Coordinadora de T\u00edtulo IX podemos ofrecerte los siguientes servicios:<\/p><ol><li>Procurar la implementaci\u00f3n y cumplimiento de las pol\u00edticas y procedimientos para prevenir y erradicar la violencia dom\u00e9stica, el acecho, las agresiones sexuales, el hostigamiento sexual y la conducta discriminatoria por raz\u00f3n de sexo o g\u00e9nero.<\/li><li>Orientar a las personas afectadas acerca del procedimiento para presentar una queja sobre los servicios recibidos por los distintos componentes del Recinto y\/o investigar los hechos alegados por la parte afectada.<\/li><li>Proveer y\/o coordinar programas de prevenci\u00f3n a la comunidad universitaria y evaluar su efectividad.<\/li><li>Proveer y\/o coordinar talleres y adiestramientos.<\/li><li>Proveer asistencia a cualquier componente del Recinto que provea servicios o intervenga con las personas afectadas.<\/li><li>Velar por la confidencialidad de los procedimientos y la integridad de la persona afectada.<\/li><li>Coordinar la solicitud de una orden de protecci\u00f3n en las situaciones contempladas por la ley en colaboraci\u00f3n con la Oficina de Asesoramiento Jur\u00eddico.<\/li><li>Recibir y atender quejas sobre situaciones de violencia dom\u00e9stica, violencia entre parejas, agresi\u00f3n sexual, hostigamiento sexual y acecho de manera confidencial, y que se lleve a cabo r\u00e1pido, y de forma justa e imparcial.<\/li><li>Coordinar acomodos, cambios de clase, medidas de seguridad, y otras medidas de prevenci\u00f3n en favor de la persona afectada.<\/li><li>Proveer informaci\u00f3n sobre los deberes y los derechos que le cobijan a los estudiantes y\/o al personal bajo la protecci\u00f3n del T\u00edtulo IX.<\/li><\/ol><p>Bajo las protecciones del T\u00edtulo IX tienes los siguientes <strong>derechos<\/strong>:<\/p><ol><li>Denunciar lo sucedido a la Instituci\u00f3n y solicitar que toda querella de discrimen por raz\u00f3n de sexo, se investigue y se resuelva con rapidez y equidad de forma justa e imparcial.<\/li><li>Utilizar los servicios de apoyo disponibles dentro y fuera de la Instituci\u00f3n.<\/li><li>Opci\u00f3n de notificar sobre incidentes de violencia sexual a la Universidad o a la polic\u00eda local. A\u00fan si decides que la polic\u00eda estatal investigue, esto no exime al Recinto de la obligaci\u00f3n de responder con prontitud y eficacia al incidente alegado en la queja o querella y de realizar su propia investigaci\u00f3n adem\u00e1s de rendir un informe.<\/li><li>Recibir ayuda inmediata, incluyendo cambiar las clases si fuera necesario, servicios m\u00e9dicos, escolta, entre otros.<\/li><li>Recibir servicios de acomodo razonable u otro tipo de acomodo (apoyo acad\u00e9mico, orientaci\u00f3n, consejer\u00eda profesional, salud, psicol\u00f3gicos, entre otros)<\/li><li>Delatar cualquier represalia por parte de los empleados de la Universidad, el presunto agresor (a) u otros estudiantes. Se tomar\u00e1n fuertes medidas si ocurren tales represalias, conforme a los reglamentos institucionales.<\/li><li>Conocer el estatus y transcurso de la investigaci\u00f3n.<\/li><li>Presentar testigos y evidencia.<\/li><li>Derecho a recibir notificaci\u00f3n por escrito sobre los resultados de tu querella y de cualquier apelaci\u00f3n, incluida cualquier sanci\u00f3n relacionada con tu caso.<\/li><li>Proceso de apelaci\u00f3n igualmente accesible para ambas partes.<\/li><li>La Universidad debe protegerte seg\u00fan sea necesario, incluso antes de que concluya una investigaci\u00f3n. La Universidad debe hacer esto tan pronto reciba una notificaci\u00f3n de agresi\u00f3n sexual.<\/li><li>La instituci\u00f3n educativa debe identificar claramente d\u00f3nde puedes ir para hablar en confidencia con alguien, y qui\u00e9n te puede proporcionar servicios de apoyo, asesoramiento o soporte acad\u00e9mico. Algunas personas, incluidos los consejeros o defensores de las personas afectadas, pueden hablar contigo de manera confidencial sin que esto de lugar a una investigaci\u00f3n formal por parte de la Universidad.<\/li><li>Si al presunto agresor se le permite un abogado, t\u00fa tambi\u00e9n tienes derecho a un abogado.<\/li><li>La Universidad debe resolver tu queja seg\u00fan lo que los administradores escolares creen fue los m\u00e1s probable que ocurri\u00f3 (esto se llama la norma probatoria de preponderancia de la evidencia). Tu Universidad no puede usar una norma probatoria superior.<\/li><li>Tienes derecho a recibir notificaci\u00f3n por escrito sobre los resultados de tu queja y de cualquier apelaci\u00f3n, incluida cualquier sanci\u00f3n relacionada con tu caso.<\/li><li>Tienes derecho a recibir la documentaci\u00f3n de todos los procedimientos, incluido las conclusiones f\u00e1cticas, transcripciones o grabaciones sonoras.<\/li><li>Si la investigaci\u00f3n revela que la violencia sexual ha creado un ambiente hostil, la Universidad debe tomar medidas r\u00e1pidas y eficaces para poner fin a la violencia sexual, eliminar el ambiente hostil, evitar que se repita, y remediar sus efectos. Los remedios apropiados incluyen, por lo general, acci\u00f3n disciplinaria contra el agresor, pero tambi\u00e9n pueden incluir medidas para que puedas continuar con tu educaci\u00f3n (por ejemplo, apoyo acad\u00e9mico, repetir una clase sin sanci\u00f3n, y orientaci\u00f3n). Estos recursos son adicionales a las medidas provisionales prestadas<\/li><\/ol>\t\t\t\t\t\t\t\t<\/div>\n\t\t\t\t<\/div>\n\t\t\t\t\t<\/div>\n\t\t<\/div>\n\t\t\t\t\t<\/div>\n\t\t<\/section>\n\t\t\t\t<section class=\"elementor-section elementor-top-section elementor-element elementor-element-8532abc elementor-section-boxed elementor-section-height-default elementor-section-height-default\" data-id=\"8532abc\" data-element_type=\"section\" data-e-type=\"section\">\n\t\t\t\t\t\t<div class=\"elementor-container elementor-column-gap-default\">\n\t\t\t\t\t<div class=\"elementor-column elementor-col-100 elementor-top-column elementor-element elementor-element-6893fc0\" data-id=\"6893fc0\" data-element_type=\"column\" data-e-type=\"column\">\n\t\t\t<div class=\"elementor-widget-wrap elementor-element-populated\">\n\t\t\t\t\t\t<div class=\"elementor-element elementor-element-d5cc367 elementor-widget elementor-widget-image\" data-id=\"d5cc367\" data-element_type=\"widget\" data-e-type=\"widget\" data-widget_type=\"image.default\">\n\t\t\t\t<div class=\"elementor-widget-container\">\n\t\t\t\t\t\t\t\t\t\t\t\t\t\t\t<img fetchpriority=\"high\" decoding=\"async\" width=\"1040\" height=\"687\" src=\"https:\/\/tituloix.uprrp.edu\/wp-content\/uploads\/2022\/02\/Servicios-de-Apoyo-a-Estudiantes-TIX.jpg\" class=\"attachment-full size-full wp-image-281\" alt=\"\" srcset=\"https:\/\/tituloix.uprrp.edu\/wp-content\/uploads\/2022\/02\/Servicios-de-Apoyo-a-Estudiantes-TIX.jpg 1040w, https:\/\/tituloix.uprrp.edu\/wp-content\/uploads\/2022\/02\/Servicios-de-Apoyo-a-Estudiantes-TIX-300x198.jpg 300w, https:\/\/tituloix.uprrp.edu\/wp-content\/uploads\/2022\/02\/Servicios-de-Apoyo-a-Estudiantes-TIX-1024x676.jpg 1024w, https:\/\/tituloix.uprrp.edu\/wp-content\/uploads\/2022\/02\/Servicios-de-Apoyo-a-Estudiantes-TIX-768x507.jpg 768w\" sizes=\"(max-width: 1040px) 100vw, 1040px\" \/>\t\t\t\t\t\t\t\t\t\t\t\t\t\t\t<\/div>\n\t\t\t\t<\/div>\n\t\t\t\t\t<\/div>\n\t\t<\/div>\n\t\t\t\t\t<\/div>\n\t\t<\/section>\n\t\t\t\t<\/div>\n\t\t","protected":false},"excerpt":{"rendered":"<p>El Recinto de R\u00edo Piedras de la Universidad de Puerto Rico, la Coordinadora de T\u00edtulo IX, trabajando junto a el Departamento de Seguridad y Manejo de Riesgo, el Procurador Estudiantil, el Departamento de Consejer\u00eda para el Desarrollo Estudiantil, la Oficina &hellip; <\/p>\n","protected":false},"author":1,"featured_media":0,"parent":0,"menu_order":0,"comment_status":"closed","ping_status":"closed","template":"","meta":{"footnotes":""},"class_list":["post-10","page","type-page","status-publish","hentry"],"_links":{"self":[{"href":"https:\/\/tituloix.uprrp.edu\/index.php\/wp-json\/wp\/v2\/pages\/10","targetHints":{"allow":["GET"]}}],"collection":[{"href":"https:\/\/tituloix.uprrp.edu\/index.php\/wp-json\/wp\/v2\/pages"}],"about":[{"href":"https:\/\/tituloix.uprrp.edu\/index.php\/wp-json\/wp\/v2\/types\/page"}],"author":[{"embeddable":true,"href":"https:\/\/tituloix.uprrp.edu\/index.php\/wp-json\/wp\/v2\/users\/1"}],"replies":[{"embeddable":true,"href":"https:\/\/tituloix.uprrp.edu\/index.php\/wp-json\/wp\/v2\/comments?post=10"}],"version-history":[{"count":16,"href":"https:\/\/tituloix.uprrp.edu\/index.php\/wp-json\/wp\/v2\/pages\/10\/revisions"}],"predecessor-version":[{"id":682,"href":"https:\/\/tituloix.uprrp.edu\/index.php\/wp-json\/wp\/v2\/pages\/10\/revisions\/682"}],"wp:attachment":[{"href":"https:\/\/tituloix.uprrp.edu\/index.php\/wp-json\/wp\/v2\/media?parent=10"}],"curies":[{"name":"wp","href":"https:\/\/api.w.org\/{rel}","templated":true}]}}